hat are the prime factors of 812366383?
233, 3486551
List the prime factors of 1058298938.
2, 37, 683, 20939
What are the prime factors of 2852215487?
11, 23, 11273579
List the prime factors of 122776507.
7, 23, 79, 197
What are the prime factors of 114549125?
5, 137, 6689
List the prime factors of 377857613.
7, 1283, 42073
List the prime factors of 889850011.
127, 7006693
What are the prime factors of 107649487?
11, 1483, 6599
List the prime factors of 7514856506.
2, 31, 1571, 77153
What are the prime factors of 432095523?
3, 144031841
List the prime factors of 3616955394.
2, 3, 13, 17, 1103, 2473
List the prime factors of 838854430.
2, 5, 743, 112901
List the prime factors of 161713034.
2, 7, 1650133
List the prime factors of 19587657.
3, 431, 15149
List the prime factors of 15218637.
3, 7, 59, 71, 173
List the prime factors of 31419262.
2, 7, 2244233
List the prime factors of 1569824573.
1569824573
What are the prime factors of 144726372?
2, 3, 7, 17, 11261
What are the prime factors of 605680881?
3, 13, 3571, 4349
What are the prime factors of 75555899?
53, 1425583
What are the prime factors of 211575420?
2, 3, 5, 7, 167917
List the prime factors of 76248013.
23, 3315131
List the prime factors of 3170428754.
2, 14347, 110491
List the prime factors of 1718439541.
7, 13, 233, 81047
List the prime factors of 3017174508.
2, 3, 3104089
What are the prime factors of 8161117636?
2, 7, 73, 3992719
List the prime factors of 33128210.
2, 5, 19, 113, 1543
What are the prime factors of 253964809?
7, 36280687
List the prime factors of 27961856.
2, 13, 4201
What are the prime factors of 302932908?
2, 3, 23, 15907
What are the prime factors of 3843291464?
2, 31, 15497143
What are the prime factors of 2521689540?
2, 3, 5, 6029, 6971
What are the prime factors of 21283620?
2, 3, 5, 354727
What are the prime factors of 18102731?
37, 489263
What are the prime factors of 7364049221?
677, 10877473
What are the prime factors of 13561985?
5, 43, 63079
What are the prime factors of 469394353?
131, 229, 15647
What are the prime factors of 90666309?
3, 19, 109, 14593
List the prime factors of 158779421.
449, 353629
List the prime factors of 146428621.
887, 165083
List the prime factors of 35124335.
5, 23, 43, 7103
List the prime factors of 961792961.
53, 83, 131, 1669
What are the prime factors of 21765410?
2, 5, 31, 61, 1151
What are the prime factors of 4106479?
13, 315883
List the prime factors of 352407300.
2, 3, 5, 7, 41, 4093
List the prime factors of 4307825040.
2, 3, 5, 17949271
List the prime factors of 6103023156.
2, 3, 103, 1645907
What are the prime factors of 630509615?
5, 2203, 57241
List the prime factors of 216369635.
5, 6113, 7079
List the prime factors of 809782795.
5, 73, 2218583
List the prime factors of 1932391.
23, 84017
List the prime factors of 1909115003.
19, 100479737
List the prime factors of 2270888197.
41, 191, 289987
What are the prime factors of 43478384?
2, 17, 19, 47, 179
List the prime factors of 26727186.
2, 3, 19, 97, 2417
List the prime factors of 53986010.
2, 5, 13, 263, 1579
List the prime factors of 3104679609.
3, 863, 399727
What are the prime factors of 97428321?
3, 47, 230327
What are the prime factors of 143087303?
143087303
What are the prime factors of 40887460?
2, 5, 83, 24631
What are the prime factors of 42471683?
4597, 9239
List the prime factors of 234290308.
2, 7, 97, 86263
List the prime factors of 199953599.
199953599
What are the prime factors of 1208066706?
2, 3, 7, 11, 871621
What are the prime factors of 604776455?
5, 163, 742057
List the prime factors of 207765175.
5, 37, 224611
What are the prime factors of 477291688?
2, 131, 455431
What are the prime factors of 1324187066?
2, 662093533
What are the prime factors of 120905647?
181, 667987
List the prime factors of 934275388.
2, 8297, 28151
List the prime factors of 1398364195.
5, 29, 967, 9973
List the prime factors of 1163038955.
5, 13, 17892907
What are the prime factors of 2951386563?
3, 983795521
List the prime factors of 56477513.
113, 499801
List the prime factors of 402632612.
2, 373, 421, 641
List the prime factors of 17365109.
17, 71, 14387
List the prime factors of 167799222.
2, 3, 19, 67, 2441
List the prime factors of 28943487.
3, 39703
What are the prime factors of 62074636?
2, 13, 1193743
What are the prime factors of 24562190?
2, 5, 83, 101, 293
List the prime factors of 6722642725.
5, 268905709
List the prime factors of 3895142928.
2, 3, 71, 1142941
List the prime factors of 142674687.
3, 15852743
What are the prime factors of 9228563?
9228563
List the prime factors of 215958332.
2, 19, 2841557
What are the prime factors of 1222044258?
2, 3, 203674043
List the prime factors of 28541710.
2, 5, 2854171
What are the prime factors of 449328?
2, 3, 11, 23, 37
List the prime factors of 157573038.
2, 3, 7, 3751739
What are the prime factors of 237510185?
5, 11, 1237, 3491
What are the prime factors of 1434613336?
2, 13, 47, 127, 2311
What are the prime factors of 12882898?
2, 7, 23, 40009
What are the prime factors of 2143961107?
773, 1459, 1901
List the prime factors of 1242348107.
7, 11, 13, 177301
What are the prime factors of 438750296?
2, 461, 118967
What are the prime factors of 47699233?
47699233
List the prime factors of 153490265.
5, 19, 41, 157, 251
What are the prime factors of 1838826577?
7, 29, 1294037
List the prime factors of 3488431245.
3, 5, 13, 349, 3943
What are the prime factors of 3140451?
3, 137, 283
What are the prime factors of 40839904?
2, 7, 23, 7927
List the prime factors of 68791212.
2, 3, 7, 272981
What are the prime factors of 14575322?
2, 131, 55631
List the prime factors of 280289133.
3, 10381079
What are the prime factors of 427700036?
2, 53, 61, 33073
What are the prime factors of 19550181?
3, 7, 31, 59, 509
List the prime factors of 120673443.
3, 11, 193, 18947
What are the prime factors of 2034271498?
2, 7, 41, 3544027
List the prime factors of 4026209063.
4026209063
What are the prime factors of 91127071?
7, 13018153
List the prime factors of 23954652.
2, 3, 653, 1019
List the prime factors of 52333232.
2, 7, 467261
List the prime factors of 316500223.
13, 24346171
What are the prime factors of 21528650?
2, 5, 11, 13, 3011
List the prime factors of 48289816.
2, 31, 194717
List the prime factors of 45473430.
2, 3, 5, 853, 1777
What are the prime factors of 2462411188?
2, 23, 449, 59611
List the prime factors of 883198573.
47, 18791459
What are the prime factors of 102603768?
2, 3, 4275157
What are the prime factors of 62228439?
3, 7, 13, 19, 31, 43
What are the prime factors of 318519724?
2, 19, 4191049
What are the prime factors of 490523490?
2, 3, 5, 47, 115963
List the prime factors of 29447406.
2, 3, 23, 71129
What are the prime factors of 5437425320?
2, 5, 19, 61, 6173
What are the prime factors of 24417248?
2, 763039
List the prime factors of 77606065.
5, 15521213
List the prime factors of 1039269935.
5, 11, 18895817
What are the prime factors of 1128054328?
2, 83, 1698877
List the prime factors of 112314018.
2, 3, 37, 505919
What are the prime factors of 50954705?
5, 10190941
What are the prime factors of 1709702073?
3, 563, 12497
List the prime factors of 2568527026.
2, 13, 98789501
List the prime factors of 1396480664.
2, 41, 103843
What are the prime factors of 1978081448?
2, 7, 1039, 33997
List the prime factors of 97999863.
3, 13, 229, 10973
What are the prime factors of 3475224024?
2, 3, 144801001
List the prime factors of 2121821231.
23, 101, 913397
List the prime factors of 36844943.
109, 338027
What are the prime factors of 972841939?
521, 1867259
What are the prime factors of 409593007?
521, 786167
What are the prime factors of 334604616?
2, 3, 37, 376807
What are the prime factors of 570735524?
2, 23, 541, 11467
What are the prime factors of 144052390?
2, 5, 17, 847367
What are the prime factors of 733557614?
2, 1621, 226267
List the prime factors of 69867359.
37, 1888307
List the prime factors of 4571909204.
2, 103, 11096867
List the prime factors of 1394089875.
3, 5, 1239191
List the prime factors of 30848171.
2417, 12763
What are the prime factors of 178255364?
2, 7, 6366263
What are the prime factors of 589261865?
5, 117852373
List the prime factors of 108538441.
11, 97, 101723
List th